n base 8?
-165
1 (base 9) to base 4
1
Convert -5 (base 6) to base 8.
-5
What is -2003 (base 4) in base 3?
-11212
Convert -29 (base 16) to base 3.
-1112
Convert 5 (base 11) to base 5.
10
Convert -136 (base 7) to base 15.
-51
29 (base 15) to base 2
100111
-14 (base 10) to base 15
-e
What is -3 (base 7) in base 10?
-3
Convert -1 (base 7) to base 14.
-1
-22 (base 5) to base 10
-12
Convert 10000010 (base 2) to base 4.
2002
Convert 11 (base 6) to base 8.
7
Convert 3 (base 15) to base 13.
3
-24 (base 5) to base 12
-12
What is -3 (base 12) in base 15?
-3
Convert -47 (base 11) to base 9.
-56
What is 0 (base 3) in base 8?
0
What is 11 (base 6) in base 9?
7
Convert 34 (base 7) to base 8.
31
Convert 3 (base 15) to base 5.
3
What is -2 (base 9) in base 5?
-2
-4 (base 8) to base 11
-4
What is -4 (base 12) in base 7?
-4
What is 1 (base 5) in base 6?
1
-1000001 (base 2) to base 4
-1001
2 (base 5) to base 13
2
What is -4 (base 12) in base 16?
-4
Convert -5 (base 6) to base 8.
-5
0 (base 16) to base 13
0
Convert 1 (base 5) to base 14.
1
What is 13 (base 10) in base 7?
16
What is 30 (base 8) in base 9?
26
What is -10 (base 10) in base 6?
-14
What is 30 (base 14) in base 8?
52
Convert 25 (base 12) to base 5.
104
-35 (base 14) to base 4
-233
-1011 (base 2) to base 16
-b
Convert -17 (base 11) to base 7.
-24
Convert -12 (base 9) to base 4.
-23
What is 100 (base 2) in base 7?
4
3 (base 8) to base 16
3
What is 340 (base 8) in base 7?
440
Convert 52 (base 10) to base 7.
103
Convert -a (base 13) to base 15.
-a
What is 4 (base 16) in base 5?
4
Convert -a2 (base 16) to base 7.
-321
47 (base 16) to base 11
65
Convert -3 (base 8) to base 10.
-3
-9 (base 10) to base 7
-12
Convert 461 (base 7) to base 3.
22212
What is 31 (base 13) in base 16?
28
What is 21 (base 12) in base 15?
1a
What is 6 (base 9) in base 8?
6
What is 0 (base 10) in base 13?
0
What is 102 (base 7) in base 11?
47
Convert -1 (base 8) to base 9.
-1
10 (base 11) to base 5
21
Convert 322 (base 7) to base 2.
10100011
1 (base 3) to base 15
1
What is -21 (base 8) in base 9?
-18
What is 111 (base 2) in base 13?
7
c7 (base 16) to base 10
199
Convert -122 (base 6) to base 2.
-110010
What is 311 (base 6) in base 11?
a5
Convert 17 (base 9) to base 15.
11
What is -33 (base 4) in base 10?
-15
Convert 10110111 (base 2) to base 5.
1213
102 (base 3) to base 9
12
Convert -1011 (base 2) to base 10.
-11
-10 (base 3) to base 13
-3
132 (base 9) to base 13
86
What is -1 (base 11) in base 2?
-1
Convert 6 (base 9) to base 6.
10
Convert 4 (base 9) to base 2.
100
Convert 85 (base 15) to base 7.
236
-1221 (base 3) to base 4
-310
Convert -17 (base 10) to base 11.
-16
What is -3 (base 12) in base 4?
-3
What is 40 (base 6) in base 12?
20
What is 3 (base 8) in base 10?
3
-1 (base 7) to base 10
-1
Convert -17 (base 14) to base 2.
-10101
7 (base 12) to base 8
7
What is 1 (base 3) in base 16?
1
Convert -73 (base 13) to base 11.
-86
What is 85 (base 12) in base 2?
1100101
Convert 243 (base 8) to base 2.
10100011
10 (base 2) to base 11
2
101 (base 5) to base 8
32
What is -4 (base 15) in base 12?
-4
Convert -5 (base 16) to base 10.
-5
Convert 4a (base 16) to base 12.
62
What is -42 (base 9) in base 2?
-100110
What is 1 (base 15) in base 12?
1
What is -59 (base 12) in base 2?
-1000101
What is -3 (base 8) in base 5?
-3
Convert 25 (base 16) to base 14.
29
11 (base 5) to base 16
6
What is -174 (base 14) in base 16?
-12a
0 (base 12) to base 4
0
What is -20 (base 5) in base 15?
-a
What is 5 (base 9) in base 12?
5
Convert -25 (base 8) to base 16.
-15
Convert -3 (base 15) to base 6.
-3
What is -26 (base 14) in base 2?
-100010
What is 1af (base 16) in base 11?
362
-138 (base 12) to base 9
-228
3 (base 14) to base 3
10
111 (base 2) to base 12
7
What is 1ba (base 13) in base 5?
2242
What is 1 (base 14) in base 9?
1
-2 (base 6) to base 5
-2
Convert -3 (base 9) to base 8.
-3
Convert 65 (base 8) to base 11.
49
-37 (base 12) to base 6
-111
Convert 2133 (base 4) to base 6.
423
-8 (base 16) to base 14
-8
-12 (base 10) to base 8
-14
0 (base 5) to base 10
0
What is -d (base 15) in base 16?
-d
Convert 132 (base 5) to base 13.
33
37 (base 16) to base 13
43
Convert -1 (base 10) to base 3.
-1
What is 0 (base 14) in base 16?
0
-1110101 (base 2) to base 9
-140
Convert -23 (base 16) to base 12.
-2b
What is 2 (base 13) in base 16?
2
-1 (base 9) to base 14
-1
Convert 21 (base 3) to base 4.
13
What is -1221 (base 3) in base 11?
-48
Convert 4 (base 11) to base 10.
4
a0 (base 11) to base 12
92
-302 (base 4) to base 10
-50
What is 1221 (base 3) in base 2?
110100
What is -1 (base 12) in base 5?
-1
Convert 203 (base 4) to base 2.
100011
-1002 (base 5) to base 8
-177
What is 2 (base 14) in base 11?
2
4 (base 5) to base 3
11
-20a (base 13) to base 16
-15c
-161 (base 7) to base 2
-1011100
-112 (base 3) to base 12
-12
What is 6d (base 16) in base 6?
301
What is 3 (base 7) in base 2?
11
What is 12 (base 7) in base 12?
9
Convert 20 (base 6) to base 12.
10
Convert 232 (base 5) to base 4.
1003
Convert -2 (base 4) to base 13.
-2
Convert 2 (base 9) to base 3.
2
10 (base 7) to base 13
7
Convert -1010 (base 2) to base 4.
-22
-b (base 14) to base 12
-b
Convert 19 (base 11) to base 10.
20
1b (base 13) to base 2
11000
Convert 16 (base 13) to base 4.
103
13 (base 5) to base 16
8
What is 1112 (base 4) in base 16?
56
-37 (base 9) to base 11
-31
-200 (base 3) to base 2
-10010
Convert -3a (base 13) to base 3.
-1211
-2 (base 5) to base 2
-10
What is -10 (base 12) in base 13?
-c
Convert 31 (base 7) to base 4.
112
Convert -233 (base 6) to base 14.
-69
Convert 202 (base 4) to base 3.
1021
0 (base 12) to base 2
0
What is 5 (base 8) in base 11?
5
Convert -1bb (base 14) to base 13.
-21a
Convert -2 (base 3) to base 14.
-2
What is 502 (base 7) in base 3?
100011
What is -1 (base 9) in base 7?
-1
What is -9 (base 10) in base 8?
-11
-20 (base 14) to base 9
-31
Convert -6 (base 13) to base 7.
-6
-46 (base 11) to base 3
-1212
What is -20 (base 11) in base 3?
-211
Convert -5 (base 8) to base 3.
-12
What is -10 (base 5) in base 9?
-5
-4 (base 10) to base 6
-4
What is -11 (base 3) in base 13?
-4
What is 25 (base 8) in base 4?
111
What is c (base 16) in base 14?
c
Convert -14 (base 5) to base 2.
-1001
Convert 3 (base 8) to base 14.
3
8 (base 14) to base 11
8
Convert 22 (base 6) to base 8.
16
What is 102212 (base 3) in base 4?
11000
What is 122 (base 3) in base 8?
21
30 (base 8) to base 10
24
What is -2 (base 4) in base 14?
-2
Convert 20 (base 5) to base 2.
1010
-12 (base 4) to base 15
-6
Convert 30 (base 4) to base 12.
10
Convert -2 (base 4) to base 14.
-2
Convert 4 (base 15) to base 9.
4
-12 (base 6) to base 8
-10
Convert 10 (base 3) to base 11.
3
What is 1 (base 5) in base 12?
1
What is -1 (base 15) in base 8?
-1
What is -11111 (base 2) in base 12?
-27
-205 (base 9) to base 6
-435
Convert 21 (base 4) to base 12.
9
Convert -201 (base 4) to base 5.
-113
What is -2 (base 4) in base 6?
-2
Convert 110111 (base 2) to base 13.
43
What is -13 (base 11) in base 14?
-10
What is 102 (base 3) in base 7?
14
1 (base 2) to base 7
1
3 (base 14) to base 8
3
Convert -97 (base 10) to base 12.
-81
-12 (base 11) to base 13
-10
-10 (base 15) to base 9
-16
0 (base 8) to base 7
0
What is -10 (base 4) in base 6?
-4
What is -6 (base 8) in base 15?
-6
Convert -3 (base 12) to base 13.
-3
-12100 (base 3) to base 11
-121
-11 (base 2) to base 6
-3
What is -36 (base 7) in base 13?
-21
Convert -256 (base 9) to base 16.
-d5
48 (base 15) to base 16
44
2 (base 13) to base 14
2
26 (base 10) to base 11
24
What is 60 (base 7) in base 14?
30
7 (base 16) to base 14
7
Convert 100 (base 2) to base 6.
4
Convert 8 (base 10) to base 4.
20
177 (base 11) to base 10
205
10010 (base 2) to base 14
14
What is -73 (base 10) in base 7?
-133
Convert -15 (base 11) to base 16.
-10
74 (base 8) to base 10
60
-2233 (base 4) to base 8
-257
-8 (base 15) to base 6
-12
What is -19 (base 13) in base 2?
-10110
-6 (base 7) to base 10
-6
What is 16 (base 16) in base 7?
31
-3 (base 14) to base 4
-3
Convert 1 (base 12) to base 6.
1
What is 1 (base 10) in base 13?
1
14d (base 14) to base 7
526
-33 (base 8) to base 5
-102
What is 0 (base 5) in base 14?
0
What is -20 (base 4) in base 7?
-11
What is 0 (base 15) in base 12?
0
18 (base 12) to base 14
16
What is 22 (base 7) in base 2?